nd 24?
24
Let l = -8 + 14. Suppose -2 = 2*t - l. Suppose -t*y + 8 = -2. What is the greatest common divisor of y and 25?
5
Let o = 7 + -5. Suppose -c - o = 0, -50 = -3*b - 2*c + 3*c. Let l = 29 + -5. Calculate the highest common divisor of b and l.
8
Suppose 3*o - 3 - 6 = 0. Suppose -x + 5 = -10. Let s = -6 + x. What is the greatest common factor of o and s?
3
Let k be ((-2 - 2)/1)/((-5)/35). What is the highest common divisor of 98 and k?
14
Let t be 10 + (2 + 1 - 5). Suppose -5*r + 4*b = -300, 2*r - 5*b - 68 = 35. Calculate the greatest common divisor of r and t.
8
Suppose 0 = -2*v - 2*x + 6*x + 66, -v = 5*x - 33. Let f = 58 - 25. Calculate the highest common factor of f and v.
33
Let d = -5 - -10. Suppose -2*t = 3*k - 49 - 9, -2*k = -d*t - 64. What is the greatest common factor of k and 44?
22
Let r be -4 + (-2 + 3 - 0). Let w(n) = n**3 + 2*n**2 - 4*n - 1. Let g be w(r). Let m be (g - (-10)/(-4))*-2. What is the highest common factor of m and 7?
1
Let t be 2/(-3) + (-410)/(-30). Calculate the highest common factor of t and 52.
13
Suppose -a = -3*q + 16, 3*q - 4 = -q - 3*a. Calculate the greatest common divisor of q and 6.
2
Let b(v) = 23*v**2 - 2*v - 1. Let g be b(-1). Let c = -44 + 91. Suppose -85 = 2*r - 7*r - 5*j, 3*r - j = c. Calculate the highest common divisor of r and g.
8
Let y(w) = 207*w**3 + w**2 - 1. Let i be y(1). Calculate the greatest common factor of i and 23.
23
Suppose -3*h - 3 = -15. Suppose 5*w + 8 = 178. Let j = w - h. Calculate the greatest common divisor of 20 and j.
10
Let q(u) = -22*u + 40. Let s be q(-5). What is the highest common divisor of 6 and s?
6
Let y be -7*(-8 + (-4 - -8)). Calculate the greatest common divisor of y and 4.
4
Suppose n - 10 = -5*o, -3*o = 4*n - 1 - 5. Suppose -o*p + 120 = -0*p. Let d = 4 + 8. What is the highest common factor of d and p?
12
Let f be -2*(-1 - 10) + (-3 - -2). Calculate the highest common factor of f and 14.
7
Let d(h) = 4 + 4*h**2 + 0*h**2 + 5*h + h - 3*h**2. Let i be d(-7). Calculate the highest common divisor of 1 and i.
1
Suppose 5*v + 3*l = 5 - 1, 0 = -5*v - 4*l + 2. Calculate the greatest common factor of v and 6.
2
Suppose 20 = 7*s - 5*s. What is the highest common factor of s and 40?
10
Let y be 8*3/18*3. Suppose 234 + 352 = 3*v + y*j, -v = -3*j - 178. Calculate the highest common factor of v and 19.
19
Let u(h) = -h**2 + 8*h - 5. Let v be u(9). Let r be v*(2 - 16/7). Let y(c) = 2*c**2 - 4*c - 2. Let s be y(5). Calculate the highest common factor of s and r.
4
Suppose 4*g - 13 = -s, 2*s + 6 + 7 = 5*g. Suppose g*f + 2*f = 5. Let w = 5 - 1. Calculate the greatest common divisor of f and w.
1
Suppose -4*x + 2*s + 10 = 0, -2*s + 0*s = -2*x + 4. Let h(y) = -21*y - 2. Let q be h(-2). Let b = -22 + q. Calculate the greatest common divisor of x and b.
3
Suppose -5*u + 11 = -2*i - 6, 19 = -3*i + u. Let o be i*(0 - (-110)/(-4)). Calculate the greatest common factor of o and 15.
15
Suppose -6*h = 2*h - 720. Let f(t) = 2*t**3 - 3*t**2 + 2*t + 2. Let b be f(2). What is the highest common factor of h and b?
10
Let x be -4 - 15/((-140)/(-72) + -2). Calculate the highest common divisor of x and 7.
7
Let r(p) = p**3 + 11*p**2 + 5*p + 12. Let n be r(-10). Let w be n/3 - (-3)/9. Calculate the highest common factor of 42 and w.
21
Let f be (-15)/(-4 + 0 + 1). What is the greatest common factor of 45 and f?
5
Let l = 90 + -52. Let q be (-2)/(-3)*(-3)/(-2). Let j be (1 - 2)/(q/(-19)). What is the highest common factor of l and j?
19
Let a be (-1*(-2)/(-5))/((-17)/425). Let w = 4 + 0. Suppose 5*b + h - 22 = 0, b + h + w = a. What is the greatest common divisor of b and 10?
2
Suppose 8 = 4*a, -a = 3*o - 8*o + 418. What is the greatest common divisor of o and 12?
12
Suppose 3*i + 4*j = i + 24, 0 = -3*i - j + 31. What is the greatest common factor of i and 10?
10
Let o be (-3)/7*-22 + (-3)/7. What is the greatest common factor of 171 and o?
9
Let i be (-1)/(((-4)/(-66))/(-2)). Let k be 12/66 + 2/(-11). Suppose k = -r + 5 - 2. What is the highest common factor of i and r?
3
Let w be ((-1)/3)/((-5)/45). Suppose 3 - 69 = -w*r. Calculate the highest common factor of 2 and r.
2
Let h(s) = s**3 - s**2 - s + 126. Let l be h(0). Let w be 201/(-6) + 2/(-4). Let f = -20 - w. What is the greatest common factor of f and l?
14
Let c be ((-2)/(-1))/((-4)/(-68)). Calculate the highest common divisor of 34 and c.
34
Let b = 139 - 35. Calculate the highest common divisor of 26 and b.
26
Let o be 0/(-2 + 2 + 2). Suppose 0 = 5*z - o - 5. Suppose 1 = 2*v - z. Calculate the greatest common factor of v and 5.
1
Suppose 8 = 6*d - 5*d. What is the highest common divisor of d and 20?
4
Let l be (0 - 1)*(0 - 2). Suppose -4*v + 26 = m, 3*m + 2 = l*v - 4. Suppose 2 = 2*n - 3*k, -k - 1 + 7 = n. Calculate the highest common divisor of v and n.
2
Let g be (1*2)/(-1 - -3). Let q = 0 + g. Suppose -2*z - q = -3. What is the highest common divisor of z and 1?
1
Suppose -4*u - 3*c - 32 = -170, u + 2*c - 37 = 0. Calculate the highest common factor of u and 11.
11
Let x = 19 - 4. Suppose 0*y - x = -y. Suppose y = 3*o - 3*k, o - 5*k - 1 = -0*o. What is the highest common divisor of o and 3?
3
Let d = -7 - -14. What is the highest common divisor of d and 14?
7
Let r be -7*(3/(-1) + 2). Let a = r + -3. Let j = 1 + 0. What is the greatest common factor of a and j?
1
Let n(b) = -b**2 - 14*b + 7. Let d be n(-13). Calculate the highest common divisor of d and 180.
20
Let t be -1 + 1 - 10*-1. Let k = 68 - 48. What is the greatest common factor of t and k?
10
Let s(c) = c**3 - 12*c**2 + 15*c + 11. Let t be s(11). Calculate the highest common factor of t and 11.
11
Let o be (2 - 2)/(-3 + 1). Suppose -2*q + 5*q - 27 = o. Calculate the greatest common factor of 9 and q.
9
Let j be 104/39*(28 - 1). Suppose u = -3*u + 32. What is the highest common factor of u and j?
8
Suppose -3*g = -2*j - 98, 4*g + 4*j = 1 + 123. Calculate the highest common factor of 4 and g.
4
Let q be (-341)/(-3) + 5/15. Let u be (0 + 1)*q/6. What is the greatest common factor of 95 and u?
19
Let w = 19 - -27. What is the greatest common factor of 69 and w?
23
Suppose -2*h + 274 = 2*h - 2*x, -5*h + 341 = -3*x. Let a = -26 + h. Let z = -16 + 27. Calculate the greatest common factor of a and z.
11
Suppose -2*y + 3*y = 3. Let x be ((-5)/10)/((-2)/20). Suppose 0 = -5*l - 5*n + 50, -l - n + 5*n = -x. What is the greatest common factor of y and l?
3
Let l = 1 - -1. Let z be -1 - 19/l*-2. Suppose 270 = 11*r - 6*r. Calculate the highest common divisor of r and z.
18
Suppose 5*h = -4*y + 22, -3*y = -4*h - 0*y - 1. Calculate the greatest common divisor of 5 and h.
1
Let y = -44 - -62. Calculate the highest common factor of 6 and y.
6
Let a(w) = w**3 + w**2 + w. Let o be a(-1). Let j(l) = -18*l - 1. Let p be j(o). Let q = 118 + -84. What is the highest common factor of q and p?
17
Let c be (-6)/(-10) + 57/5. Let u = 61 + -57. What is the greatest common factor of u and c?
4
Let c be (-12)/(-16) - 354/(-8). Let i = 7 + -17. Let u be (3 + 2 + i)/(-1). Calculate the greatest common factor of u and c.
5
Let r(y) = y**3 + 4*y**2 - 6*y + 1. Let f be r(-5). Suppose -3*d + 30 = 2*d. Calculate the highest common divisor of f and d.
6
Suppose g + 0*k + k = -3, 4*g = -k. Calculate the highest common factor of g and 1.
1
Let d = 57 + -47. What is the highest common factor of d and 130?
10
Let d be (-14)/(-8) + 3/12. Suppose -4*b = w - 5*w - 8, -4*w + 34 = d*b. Suppose -35 = -l - 0*l. Calculate the highest common factor of l and b.
7
Suppose -p + 2*p = 30. Let x(z) = z + 1. Let f be x(4). Calculate the greatest common factor of f and p.
5
Suppose 0 = d - 285 + 41. Suppose d = 4*q + 64. Calculate the highest common factor of q and 18.
9
Let y(j) = -j**3 + 9*j**2 - 4*j - 4. Let s(b) = b**3 + 4*b**2 - 7*b - 3. Let v be s(-5). Let w be y(v). What is the highest common divisor of 44 and w?
22
Let u = -4 - -23. Let c(b) = 8*b**2 + b - 1. Let r be c(3). Let z = 112 - r. Calculate the highest common factor of z and u.
19
Let w(z) = -z**3 - 3*z**2 - 9 + 9. Let s be w(-3). Let b = s - -6. Calculate the greatest common factor of 3 and b.
3
Let q(b) = 2*b**2 - 7*b - 2. Let v be q(6). What is the greatest common factor of 7 and v?
7
Let l(u) = 2*u**2 + 2*u + 3. Let h be l(-3). Let g = -10 + h. Suppose 2*a